{"id":717,"date":"2025-01-12T07:43:15","date_gmt":"2025-01-12T07:43:15","guid":{"rendered":"https:\/\/www.denim-vest.com\/?post_type=product&#038;p=717"},"modified":"2025-01-13T17:51:52","modified_gmt":"2025-01-13T17:51:52","slug":"childrens-denim-vest","status":"publish","type":"product","link":"https:\/\/www.denim-vest.com\/fr\/produit\/gilet-en-denim-pour-enfants\/","title":{"rendered":"Gilet en denim pour enfants"},"content":{"rendered":"<p><img decoding=\"async\" class=\"detail-desc-decorate-image\" style=\"margin-bottom: 10px;\" src=\"https:\/\/ae01.alicdn.com\/kf\/Sb56922d1115648eabd1a5246515aa180W.png\" \/><\/p>\n<h2>Douillet et cool : Le gilet en denim pour enfants par excellence pour 2025<\/h2>\n<p>H\u00e9, parents branch\u00e9s ! Nous avons quelque chose qui va faire sauter de joie vos petits. Imaginez un <strong>gilet en jean pour enfants<\/strong> qui soit aussi confortable qu'un c\u00e2lin d'ours et aussi cool que leur super-h\u00e9ros pr\u00e9f\u00e9r\u00e9. Eh bien, arr\u00eatez d'imaginer, car nous avons fait de ce r\u00eave une r\u00e9alit\u00e9 ! C'est comme si vous enveloppiez votre enfant dans un nuage de confort, avec une touche de style qui fera parler de lui dans la cour de r\u00e9cr\u00e9ation.<\/p>\n<h2>Gilet en denim doubl\u00e9 de polaire pour gar\u00e7ons et filles<\/h2>\n<p>Vous vous souvenez quand nous \u00e9tions enfants et que nous devions choisir entre avoir chaud et avoir l'air cool ? Ce n'est plus le cas aujourd'hui ! Cette <strong>gilet en jean pour enfants<\/strong> est le meilleur des deux mondes. Il est doubl\u00e9 de la polaire la plus douce qui soit, mais \u00e0 l'ext\u00e9rieur ? Une pure fra\u00eecheur de denim qui donnera \u00e0 vos petits l'impression d'\u00eatre des mini stars du rock. Il est \u00e9pais pour les jours d'automne frisquets et les matins d'hiver glacials, ce qui en fait la pi\u00e8ce de superposition parfaite pour vos enfants \u00e0 la pointe de la mode.<\/p>\n<h2>Quelle est la polyvalence de cette veste en jean pour enfants ?<\/h2>\n<p>Vous vous demandez peut-\u00eatre : \"Mon enfant peut-il le porter plus d'une saison ?\" Absolument ! Cette <strong>gilet en jean pour enfants<\/strong> est un peu le couteau suisse de la mode enfantine. Il est parfait pour les mois de transition d\u00e9licats o\u00f9 le temps n'arrive pas \u00e0 se d\u00e9cider. Superposez-le \u00e0 un tee-shirt \u00e0 manches longues pour un look d'automne cool, ou zippez-le comme couche suppl\u00e9mentaire sous un manteau d'hiver lorsque Jack Frost frappe \u00e0 la porte. C'est un v\u00eatement que vous porterez encore et encore, peu importe ce que dit la m\u00e9t\u00e9o !<\/p>\n<h2>Pourquoi les parents et les enfants adorent ce gilet en denim<\/h2>\n<ul>\n<li>Doublure en polaire pour un confort optimal<\/li>\n<li>Ext\u00e9rieur en denim durable qui peut supporter les aventures de la cour de r\u00e9cr\u00e9ation<\/li>\n<li>Design polyvalent convenant aux gar\u00e7ons et aux filles<\/li>\n<li>Mat\u00e9riau \u00e9pais parfait pour l'automne et l'hiver<\/li>\n<li>Un look \u00e9l\u00e9gant que les enfants adorent<\/li>\n<li>Facile \u00e0 nettoyer pour les parents occup\u00e9s<\/li>\n<\/ul>\n<h2>Les d\u00e9tails qui font la particularit\u00e9 de ce gilet<\/h2>\n<ul>\n<li>Mati\u00e8re : Ext\u00e9rieur en denim et doublure en polaire<\/li>\n<li>Style : D\u00e9bardeur sans manches<\/li>\n<li>Saison : id\u00e9ale pour l'automne\/hiver 2023<\/li>\n<li>Tranche d'\u00e2ge : Convient aux gar\u00e7ons et aux filles<\/li>\n<li>Fermeture : Fermeture \u00e0 glissi\u00e8re sur le devant pour un enfilage facile<\/li>\n<li>Entretien : Lavable en machine pour un nettoyage facile<\/li>\n<\/ul>\n<p>Pour plus d'options pour les plus petits, consultez notre rubrique\u00a0<a href=\"https:\/\/www.denim-vest.com\/fr\/boys-denim-vest\/\" target=\"_blank\" rel=\"noopener noreferrer\">gilet en jean pour gar\u00e7ons<\/a>.<\/p>\n<p>Ne laissez pas vos petits passer \u00e0 c\u00f4t\u00e9 de la tendance la plus douillette de 2023 ! Cette <strong>gilet en jean pour enfants<\/strong> s'envole de nos rayons plus vite que vous ne pouvez dire \"cour de r\u00e9cr\u00e9ation chic\". Achetez-en un (ou deux !) d\u00e8s maintenant et regardez vos enfants s'illuminer d'excitation. Apr\u00e8s tout, qui a dit qu'on ne pouvait pas \u00eatre \u00e0 la fois confortable et \u00e9l\u00e9gant ? Laissez vos enfants porter ce gilet et lancez la tendance du club des enfants cool !<\/p>","protected":false},"excerpt":{"rendered":"<p>Laissez votre petit briller avec notre gilet en denim pour enfants \u2728. \u00c9l\u00e9gant, confortable et parfait pour toutes les aventures. Livraison gratuite - achetez maintenant pour un ajustement parfait !<\/p>","protected":false},"featured_media":718,"template":"","meta":[],"product_brand":[],"product_cat":[76],"product_tag":[],"class_list":{"0":"post-717","1":"product","2":"type-product","3":"status-publish","4":"has-post-thumbnail","6":"product_cat-kids-denim-vest","8":"first","9":"instock","10":"shipping-taxable","11":"purchasable","12":"product-type-variable"},"_links":{"self":[{"href":"https:\/\/www.denim-vest.com\/fr\/wp-json\/wp\/v2\/product\/717","targetHints":{"allow":["GET"]}}],"collection":[{"href":"https:\/\/www.denim-vest.com\/fr\/wp-json\/wp\/v2\/product"}],"about":[{"href":"https:\/\/www.denim-vest.com\/fr\/wp-json\/wp\/v2\/types\/product"}],"wp:featuredmedia":[{"embeddable":true,"href":"https:\/\/www.denim-vest.com\/fr\/wp-json\/wp\/v2\/media\/718"}],"wp:attachment":[{"href":"https:\/\/www.denim-vest.com\/fr\/wp-json\/wp\/v2\/media?parent=717"}],"wp:term":[{"taxonomy":"product_brand","embeddable":true,"href":"https:\/\/www.denim-vest.com\/fr\/wp-json\/wp\/v2\/product_brand?post=717"},{"taxonomy":"product_cat","embeddable":true,"href":"https:\/\/www.denim-vest.com\/fr\/wp-json\/wp\/v2\/product_cat?post=717"},{"taxonomy":"product_tag","embeddable":true,"href":"https:\/\/www.denim-vest.com\/fr\/wp-json\/wp\/v2\/product_tag?post=717"}],"curies":[{"name":"wp","href":"https:\/\/api.w.org\/{rel}","templated":true}]}}

<p><img decoding="async" class="detail-desc-decorate-image" style="margin-bottom: 10px;" src="https://ae01.alicdn.com/kf/Sb56922d1115648eabd1a5246515aa180W.png" /></p>
<h2>Douillet et cool : Le gilet en denim pour enfants par excellence pour 2025</h2>
<p>Hé, parents branchés ! Nous avons quelque chose qui va faire sauter de joie vos petits. Imaginez un <strong>gilet en jean pour enfants</strong> qui soit aussi confortable qu'un câlin d'ours et aussi cool que leur super-héros préféré. Eh bien, arrêtez d'imaginer, car nous avons fait de ce rêve une réalité ! C'est comme si vous enveloppiez votre enfant dans un nuage de confort, avec une touche de style qui fera parler de lui dans la cour de récréation.</p>
<h2>Gilet en denim doublé de polaire pour garçons et filles</h2>
<p>Vous vous souvenez quand nous étions enfants et que nous devions choisir entre avoir chaud et avoir l'air cool ? Ce n'est plus le cas aujourd'hui ! Cette <strong>gilet en jean pour enfants</strong> est le meilleur des deux mondes. Il est doublé de la polaire la plus douce qui soit, mais à l'extérieur ? Une pure fraîcheur de denim qui donnera à vos petits l'impression d'être des mini stars du rock. Il est épais pour les jours d'automne frisquets et les matins d'hiver glacials, ce qui en fait la pièce de superposition parfaite pour vos enfants à la pointe de la mode.</p>
<h2>Quelle est la polyvalence de cette veste en jean pour enfants ?</h2>
<p>Vous vous demandez peut-être : "Mon enfant peut-il le porter plus d'une saison ?" Absolument ! Cette <strong>gilet en jean pour enfants</strong> est un peu le couteau suisse de la mode enfantine. Il est parfait pour les mois de transition délicats où le temps n'arrive pas à se décider. Superposez-le à un tee-shirt à manches longues pour un look d'automne cool, ou zippez-le comme couche supplémentaire sous un manteau d'hiver lorsque Jack Frost frappe à la porte. C'est un vêtement que vous porterez encore et encore, peu importe ce que dit la météo !</p>
<h2>Pourquoi les parents et les enfants adorent ce gilet en denim</h2>
<ul>
<li>Doublure en polaire pour un confort optimal</li>
<li>Extérieur en denim durable qui peut supporter les aventures de la cour de récréation</li>
<li>Design polyvalent convenant aux garçons et aux filles</li>
<li>Matériau épais parfait pour l'automne et l'hiver</li>
<li>Un look élégant que les enfants adorent</li>
<li>Facile à nettoyer pour les parents occupés</li>
</ul>
<h2>Les détails qui font la particularité de ce gilet</h2>
<ul>
<li>Matière : Extérieur en denim et doublure en polaire</li>
<li>Style : Débardeur sans manches</li>
<li>Saison : idéale pour l'automne/hiver 2023</li>
<li>Tranche d'âge : Convient aux garçons et aux filles</li>
<li>Fermeture : Fermeture à glissière sur le devant pour un enfilage facile</li>
<li>Entretien : Lavable en machine pour un nettoyage facile</li>
</ul>
<p>Pour plus d'options pour les plus petits, consultez notre rubrique <a href="https://www.denim-vest.com/fr/boys-denim-vest/" target="_blank" rel="noopener noreferrer">gilet en jean pour garçons</a>.</p>
<p>Ne laissez pas vos petits passer à côté de la tendance la plus douillette de 2023 ! Cette <strong>gilet en jean pour enfants</strong> s'envole de nos rayons plus vite que vous ne pouvez dire "cour de récréation chic". Achetez-en un (ou deux !) dès maintenant et regardez vos enfants s'illuminer d'excitation. Après tout, qui a dit qu'on ne pouvait pas être à la fois confortable et élégant ? Laissez vos enfants porter ce gilet et lancez la tendance du club des enfants cool !</p>

<p>Laissez votre petit briller avec notre gilet en denim pour enfants ✨. Élégant, confortable et parfait pour toutes les aventures. Livraison gratuite - achetez maintenant pour un ajustement parfait !</p>
