{"id":686,"date":"2025-01-12T07:46:57","date_gmt":"2025-01-12T07:46:57","guid":{"rendered":"https:\/\/www.denim-vest.com\/?post_type=product&#038;p=686"},"modified":"2025-01-13T17:39:21","modified_gmt":"2025-01-13T17:39:21","slug":"mens-bleached-denim-vest","status":"publish","type":"product","link":"https:\/\/www.denim-vest.com\/fr\/produit\/gilet-en-denim-blanchi-pour-hommes\/","title":{"rendered":"Gilet en denim blanchi pour homme"},"content":{"rendered":"<p><img decoding=\"async\" class=\"detail-desc-decorate-image\" style=\"margin-bottom: 10px;\" src=\"https:\/\/ae01.alicdn.com\/kf\/S5afa032eadb84fc599f4909372c6d472X.png\" \/><\/p>\n<h2>Rebel with a Cause : La r\u00e9volution du gilet en denim blanchi 2025<\/h2>\n<p>Accrochez-vous \u00e0 votre chapeau ! Nous venons de tomber sur le Saint-Graal du streetwear - un <strong>gilet en denim blanchi pour hommes<\/strong> qui est si avant-gardiste qu'il vient pratiquement du futur. C'est comme si quelqu'un avait pris un gilet en jean ordinaire, lui avait donn\u00e9 une tournure rebelle et avait fait monter le facteur cool \u00e0 11. Croyez-nous, ce n'est pas le gilet de votre grand-p\u00e8re !<\/p>\n<h2>Les ailes de la libert\u00e9 : La perfection punk brod\u00e9e pour le franc-tireur moderne<\/h2>\n<p>Imaginez un peu : vous vous promenez dans la rue et vous tournez la t\u00eate \u00e0 droite et \u00e0 gauche. Pourquoi ? Parce que vous portez un <strong>gilet en denim blanchi pour hommes<\/strong> avec des ailes brod\u00e9es de fa\u00e7on si complexe qu'elles rendraient les anges jaloux. C'est comme porter une \u0153uvre d'art, mais en plus cool et beaucoup plus confortable. Ce gilet ne se contente pas de faire une d\u00e9claration, il entame toute une conversation !<\/p>\n<h2>Une veste en jean peut-elle vraiment vous donner l'impression d'\u00eatre une rock star ?<\/h2>\n<p>Vous pouvez parier votre dernier dollar qu'il le peut ! Ce qui suit <strong>gilet en denim blanchi pour hommes<\/strong> est l'\u00e9quivalent sartorial d'un accord de force. Il a plus d'attitude qu'un concert de punk rock et plus de style qu'un d\u00e9fil\u00e9 de la semaine de la mode. Enfilez-la et, soudain, vous ne vous contentez plus de marcher, vous vous pavanez. C'est incroyable ce qu'un peu de denim d\u00e9color\u00e9 et des broderies superbes peuvent faire pour votre confiance en vous !<\/p>\n<h2>Pourquoi ce gilet s'envole-t-il des rayons plus vite que vous ne pouvez dire \"Punk Rock\" ?<\/h2>\n<ul>\n<li>Un design d\u00e9chir\u00e9 qui crie \"Je me suis r\u00e9veill\u00e9 comme \u00e7a... g\u00e9nial !\".<\/li>\n<li>Une magnifique broderie sur les ailes qui fera parler de vous.<\/li>\n<li>Silhouette ajust\u00e9e qui \u00e9pouse votre corps \u00e0 tous les bons endroits<\/li>\n<li>Style polyvalent sans manches, parfait pour superposer ou porter en solo<\/li>\n<li>Les d\u00e9tails d'inspiration punk ajoutent une touche rebelle \u00e0 toutes les tenues.<\/li>\n<li>Options grande taille jusqu'\u00e0 5XL parce que le style n'a pas de limites<\/li>\n<\/ul>\n<h2>L'essentiel sur cette sensation streetwear<\/h2>\n<ul>\n<li>Mati\u00e8re : Denim blanchi de haute qualit\u00e9<\/li>\n<li>Design : Texture d\u00e9chir\u00e9e avec broderie en forme d'aile<\/li>\n<li>Style : Gilet sans manches d'inspiration punk<\/li>\n<li>Coupe : Coupe \u00e9troite pour une silhouette moderne<\/li>\n<li>Gamme de tailles : Disponible jusqu'\u00e0 5XL<\/li>\n<li>Ann\u00e9e : collection 2025 (parce que nous sommes toujours en avance)<\/li>\n<\/ul>\n<p>\u00c9coutez, cr\u00e9ateurs de tendances et briseurs de r\u00e8gles ! Cette <strong>gilet en denim blanchi pour hommes<\/strong> s'envole de nos rayons plus vite qu'une chauve-souris de l'enfer. C'est le m\u00e9lange parfait d'attitude punk et de cool streetwear, avec une touche de futurisme qui vous permettra d'avoir l'air frais jusqu'en 2025 et au-del\u00e0. Que vous alliez \u00e0 un concert, que vous transformiez les rues de la ville en piste d'atterrissage personnelle ou que vous souhaitiez simplement injecter un peu de style dans votre garde-robe, ce gilet vous couvre (litt\u00e9ralement). Alors n'attendez pas, achetez le v\u00f4tre avant qu'il ne disparaisse et pr\u00e9parez-vous \u00e0 d\u00e9ployer vos ailes de la mani\u00e8re la plus styl\u00e9e qui soit !<\/p>\n<p>Pour un style diff\u00e9rent, consultez notre\u00a0<a href=\"https:\/\/www.denim-vest.com\/fr\/hooded-denim-vest-for-men\/\" target=\"_blank\" rel=\"noopener noreferrer\">gilet en denim \u00e0 capuche pour hommes<\/a>.<\/p>","protected":false},"excerpt":{"rendered":"<p>D\u00e9marquez-vous avec notre gilet en denim blanchi pour homme \u26a1. Unique, \u00e9l\u00e9gant et parfait pour ajouter du tranchant \u00e0 n'importe quelle tenue. Livraison gratuite - Achetez maintenant !<\/p>","protected":false},"featured_media":687,"template":"","meta":[],"product_brand":[],"product_cat":[77],"product_tag":[],"class_list":{"0":"post-686","1":"product","2":"type-product","3":"status-publish","4":"has-post-thumbnail","6":"product_cat-denim-vest-for-men","8":"first","9":"instock","10":"shipping-taxable","11":"purchasable","12":"product-type-variable"},"_links":{"self":[{"href":"https:\/\/www.denim-vest.com\/fr\/wp-json\/wp\/v2\/product\/686","targetHints":{"allow":["GET"]}}],"collection":[{"href":"https:\/\/www.denim-vest.com\/fr\/wp-json\/wp\/v2\/product"}],"about":[{"href":"https:\/\/www.denim-vest.com\/fr\/wp-json\/wp\/v2\/types\/product"}],"wp:featuredmedia":[{"embeddable":true,"href":"https:\/\/www.denim-vest.com\/fr\/wp-json\/wp\/v2\/media\/687"}],"wp:attachment":[{"href":"https:\/\/www.denim-vest.com\/fr\/wp-json\/wp\/v2\/media?parent=686"}],"wp:term":[{"taxonomy":"product_brand","embeddable":true,"href":"https:\/\/www.denim-vest.com\/fr\/wp-json\/wp\/v2\/product_brand?post=686"},{"taxonomy":"product_cat","embeddable":true,"href":"https:\/\/www.denim-vest.com\/fr\/wp-json\/wp\/v2\/product_cat?post=686"},{"taxonomy":"product_tag","embeddable":true,"href":"https:\/\/www.denim-vest.com\/fr\/wp-json\/wp\/v2\/product_tag?post=686"}],"curies":[{"name":"wp","href":"https:\/\/api.w.org\/{rel}","templated":true}]}}

<p><img decoding="async" class="detail-desc-decorate-image" style="margin-bottom: 10px;" src="https://ae01.alicdn.com/kf/S5afa032eadb84fc599f4909372c6d472X.png" /></p>
<h2>Rebel with a Cause : La révolution du gilet en denim blanchi 2025</h2>
<p>Accrochez-vous à votre chapeau ! Nous venons de tomber sur le Saint-Graal du streetwear - un <strong>gilet en denim blanchi pour hommes</strong> qui est si avant-gardiste qu'il vient pratiquement du futur. C'est comme si quelqu'un avait pris un gilet en jean ordinaire, lui avait donné une tournure rebelle et avait fait monter le facteur cool à 11. Croyez-nous, ce n'est pas le gilet de votre grand-père !</p>
<h2>Les ailes de la liberté : La perfection punk brodée pour le franc-tireur moderne</h2>
<p>Imaginez un peu : vous vous promenez dans la rue et vous tournez la tête à droite et à gauche. Pourquoi ? Parce que vous portez un <strong>gilet en denim blanchi pour hommes</strong> avec des ailes brodées de façon si complexe qu'elles rendraient les anges jaloux. C'est comme porter une œuvre d'art, mais en plus cool et beaucoup plus confortable. Ce gilet ne se contente pas de faire une déclaration, il entame toute une conversation !</p>
<h2>Une veste en jean peut-elle vraiment vous donner l'impression d'être une rock star ?</h2>
<p>Vous pouvez parier votre dernier dollar qu'il le peut ! Ce qui suit <strong>gilet en denim blanchi pour hommes</strong> est l'équivalent sartorial d'un accord de force. Il a plus d'attitude qu'un concert de punk rock et plus de style qu'un défilé de la semaine de la mode. Enfilez-la et, soudain, vous ne vous contentez plus de marcher, vous vous pavanez. C'est incroyable ce qu'un peu de denim décoloré et des broderies superbes peuvent faire pour votre confiance en vous !</p>
<h2>Pourquoi ce gilet s'envole-t-il des rayons plus vite que vous ne pouvez dire "Punk Rock" ?</h2>
<ul>
<li>Un design déchiré qui crie "Je me suis réveillé comme ça... génial !".</li>
<li>Une magnifique broderie sur les ailes qui fera parler de vous.</li>
<li>Silhouette ajustée qui épouse votre corps à tous les bons endroits</li>
<li>Style polyvalent sans manches, parfait pour superposer ou porter en solo</li>
<li>Les détails d'inspiration punk ajoutent une touche rebelle à toutes les tenues.</li>
<li>Options grande taille jusqu'à 5XL parce que le style n'a pas de limites</li>
</ul>
<h2>L'essentiel sur cette sensation streetwear</h2>
<ul>
<li>Matière : Denim blanchi de haute qualité</li>
<li>Design : Texture déchirée avec broderie en forme d'aile</li>
<li>Style : Gilet sans manches d'inspiration punk</li>
<li>Coupe : Coupe étroite pour une silhouette moderne</li>
<li>Gamme de tailles : Disponible jusqu'à 5XL</li>
<li>Année : collection 2025 (parce que nous sommes toujours en avance)</li>
</ul>
<p>Écoutez, créateurs de tendances et briseurs de règles ! Cette <strong>gilet en denim blanchi pour hommes</strong> s'envole de nos rayons plus vite qu'une chauve-souris de l'enfer. C'est le mélange parfait d'attitude punk et de cool streetwear, avec une touche de futurisme qui vous permettra d'avoir l'air frais jusqu'en 2025 et au-delà. Que vous alliez à un concert, que vous transformiez les rues de la ville en piste d'atterrissage personnelle ou que vous souhaitiez simplement injecter un peu de style dans votre garde-robe, ce gilet vous couvre (littéralement). Alors n'attendez pas, achetez le vôtre avant qu'il ne disparaisse et préparez-vous à déployer vos ailes de la manière la plus stylée qui soit !</p>
<p>Pour un style différent, consultez notre <a href="https://www.denim-vest.com/fr/hooded-denim-vest-for-men/" target="_blank" rel="noopener noreferrer">gilet en denim à capuche pour hommes</a>.</p>

<p>Démarquez-vous avec notre gilet en denim blanchi pour homme ⚡. Unique, élégant et parfait pour ajouter du tranchant à n'importe quelle tenue. Livraison gratuite - Achetez maintenant !</p>
