{"id":575,"date":"2025-01-12T07:51:35","date_gmt":"2025-01-12T07:51:35","guid":{"rendered":"https:\/\/www.denim-vest.com\/?post_type=product&#038;p=575"},"modified":"2025-01-13T17:42:01","modified_gmt":"2025-01-13T17:42:01","slug":"distressed-black-denim-vest","status":"publish","type":"product","link":"https:\/\/www.denim-vest.com\/fr\/produit\/gilet-en-denim-noir-vieilli\/","title":{"rendered":"Gilet en denim noir vieilli"},"content":{"rendered":"<p><img decoding=\"async\" src=\"https:\/\/ae01.alicdn.com\/kf\/S07c93b7d993847bd8035d0f4d07e75ac6.jpg\" \/><\/p>\n<h2>Rebelle sans pause : Le gilet en denim noir us\u00e9 par excellence<\/h2>\n<p>H\u00e9, les rebelles de la mode ! Pr\u00eat \u00e0 faire tourner les t\u00eates et \u00e0 briser les c\u0153urs ? Nous avons ce qu'il vous faut. Nos <strong>gilet en denim noir vieilli<\/strong> n'est pas seulement un v\u00eatement, c'est une d\u00e9claration. C'est comme si vous portiez un morceau de l'histoire du rock 'n' roll, mais avec une touche de modernit\u00e9 qui vous donnera l'impression d'\u00eatre le chat le plus cool de la pi\u00e8ce.<\/p>\n<h2>Du style d\u00e9contract\u00e9 au style chic : la polyvalence du denim us\u00e9<\/h2>\n<p>Imaginez : vous vous promenez dans la rue, le soleil se couche et vous portez nos v\u00eatements. <strong>gilet en denim noir vieilli<\/strong>. Soudain, vous ne vous contentez plus de marcher, vous vous pavanez. C'est la force de ce mauvais gar\u00e7on. Il pr\u00e9sente un m\u00e9lange parfait de d\u00e9contraction et d'audace qui vous fera passer d'un brunch dominical paresseux \u00e0 une soir\u00e9e endiabl\u00e9e sans perdre une miette. C'est comme si vous aviez une arme secr\u00e8te dans votre garde-robe, toujours pr\u00eate \u00e0 amplifier votre style.<\/p>\n<h2>Est-ce que c'est le gilet le plus m\u00e9chant que vous poss\u00e9derez jamais ?<\/h2>\n<p>Vous pouvez parier que c'est le cas ! Notre <strong>gilet en denim noir vieilli<\/strong> est le point de rencontre entre la robustesse et le raffinement. Il a cet aspect parfaitement us\u00e9 qu'il faut g\u00e9n\u00e9ralement des ann\u00e9es pour obtenir, mais nous avons fait tout le travail pour vous. Les d\u00e9tails d\u00e9chir\u00e9s ? Ils ne sont pas l\u00e0 pour faire joli. Ils permettent d'engager la conversation, d'affirmer son style et de t\u00e9moigner de son esprit rebelle. C'est comme si vous portiez une \u0153uvre d'art qui vous donne l'air incroyablement cool.<\/p>\n<h2>Pourquoi notre gilet en denim noir vieilli s'envole-t-il des \u00e9tag\u00e8res ?<\/h2>\n<ul>\n<li>Une coupe ajust\u00e9e qui \u00e9pouse les formes de votre corps aux bons endroits<\/li>\n<li>D\u00e9tails parfaitement us\u00e9s pour un look de rock star.<\/li>\n<li>Couleur noire polyvalente qui s'associe avec litt\u00e9ralement tout<\/li>\n<li>Sans manches, parfait pour les superpositions ou pour montrer ses armes.<\/li>\n<li>Construction durable capable de supporter les aventures les plus folles<\/li>\n<li>Style intemporel inspir\u00e9 des cow-boys avec une touche moderne et audacieuse<\/li>\n<\/ul>\n<p>Pour un style similaire, consultez notre\u00a0<a href=\"https:\/\/www.denim-vest.com\/fr\/long-distressed-denim-vest\/\" target=\"_blank\" rel=\"noopener noreferrer\">gilet long en denim vieilli<\/a>.<\/p>\n<h2>Les petits d\u00e9tails<\/h2>\n<ul>\n<li>Mati\u00e8re : Denim noir de haute qualit\u00e9 et confortable<\/li>\n<li>Style : Gilet sans manches d'aspect vieilli avec d\u00e9tails d'inspiration cow-boy<\/li>\n<li>Coupe : Coupe \u00e9troite pour une silhouette \u00e9l\u00e9gante et moderne<\/li>\n<li>Caract\u00e9ristiques : D\u00e9tails d\u00e9chir\u00e9s pour une allure plus vive.<\/li>\n<li>Fermeture : Bouton sur le devant pour un port facile<\/li>\n<li>Entretien : Lavable en machine pour un entretien facile<\/li>\n<\/ul>\n<p>\u00c9coutez bien, les amateurs de style ! Cette <strong>gilet en denim noir vieilli<\/strong> n'est pas seulement un v\u00eatement, c'est un choix de vie. Il est destin\u00e9 aux rebelles, aux rockers, aux avant-gardistes et \u00e0 tous ceux qui veulent ajouter une dose de cool \u00e0 leur garde-robe. Que vous participiez \u00e0 un festival de musique, que vous alliez faire un tour en moto ou que vous souhaitiez simplement vous d\u00e9marquer au milieu d'une foule de tenues ennuyeuses, ce gilet est l\u00e0 pour vous aider (litt\u00e9ralement). C'est le m\u00e9lange parfait de robustesse et de style, comme si James Dean et Johnny Cash avaient eu un enfant de la mode. Alors pourquoi attendre ? Achetez le v\u00f4tre avant qu'il ne s'arrache. N'oubliez pas, dans un monde o\u00f9 vous pouvez \u00eatre n'importe quoi, soyez un dur \u00e0 cuire dans un gilet en denim noir vieilli. Votre futur moi (et vos followers Instagram) vous remercieront !<\/p>","protected":false},"excerpt":{"rendered":"<p>Faites preuve d'audace avec notre gilet en denim noir us\u00e9. \u00c9l\u00e9gant, styl\u00e9 et parfait pour tout look d\u00e9contract\u00e9. Livraison gratuite - achetez maintenant et d\u00e9marquez-vous !<\/p>","protected":false},"featured_media":576,"template":"","meta":[],"product_brand":[],"product_cat":[77],"product_tag":[],"class_list":{"0":"post-575","1":"product","2":"type-product","3":"status-publish","4":"has-post-thumbnail","6":"product_cat-denim-vest-for-men","8":"first","9":"instock","10":"shipping-taxable","11":"purchasable","12":"product-type-variable"},"_links":{"self":[{"href":"https:\/\/www.denim-vest.com\/fr\/wp-json\/wp\/v2\/product\/575","targetHints":{"allow":["GET"]}}],"collection":[{"href":"https:\/\/www.denim-vest.com\/fr\/wp-json\/wp\/v2\/product"}],"about":[{"href":"https:\/\/www.denim-vest.com\/fr\/wp-json\/wp\/v2\/types\/product"}],"wp:featuredmedia":[{"embeddable":true,"href":"https:\/\/www.denim-vest.com\/fr\/wp-json\/wp\/v2\/media\/576"}],"wp:attachment":[{"href":"https:\/\/www.denim-vest.com\/fr\/wp-json\/wp\/v2\/media?parent=575"}],"wp:term":[{"taxonomy":"product_brand","embeddable":true,"href":"https:\/\/www.denim-vest.com\/fr\/wp-json\/wp\/v2\/product_brand?post=575"},{"taxonomy":"product_cat","embeddable":true,"href":"https:\/\/www.denim-vest.com\/fr\/wp-json\/wp\/v2\/product_cat?post=575"},{"taxonomy":"product_tag","embeddable":true,"href":"https:\/\/www.denim-vest.com\/fr\/wp-json\/wp\/v2\/product_tag?post=575"}],"curies":[{"name":"wp","href":"https:\/\/api.w.org\/{rel}","templated":true}]}}

<p><img decoding="async" src="https://ae01.alicdn.com/kf/S07c93b7d993847bd8035d0f4d07e75ac6.jpg" /></p>
<h2>Rebelle sans pause : Le gilet en denim noir usé par excellence</h2>
<p>Hé, les rebelles de la mode ! Prêt à faire tourner les têtes et à briser les cœurs ? Nous avons ce qu'il vous faut. Nos <strong>gilet en denim noir vieilli</strong> n'est pas seulement un vêtement, c'est une déclaration. C'est comme si vous portiez un morceau de l'histoire du rock 'n' roll, mais avec une touche de modernité qui vous donnera l'impression d'être le chat le plus cool de la pièce.</p>
<h2>Du style décontracté au style chic : la polyvalence du denim usé</h2>
<p>Imaginez : vous vous promenez dans la rue, le soleil se couche et vous portez nos vêtements. <strong>gilet en denim noir vieilli</strong>. Soudain, vous ne vous contentez plus de marcher, vous vous pavanez. C'est la force de ce mauvais garçon. Il présente un mélange parfait de décontraction et d'audace qui vous fera passer d'un brunch dominical paresseux à une soirée endiablée sans perdre une miette. C'est comme si vous aviez une arme secrète dans votre garde-robe, toujours prête à amplifier votre style.</p>
<h2>Est-ce que c'est le gilet le plus méchant que vous posséderez jamais ?</h2>
<p>Vous pouvez parier que c'est le cas ! Notre <strong>gilet en denim noir vieilli</strong> est le point de rencontre entre la robustesse et le raffinement. Il a cet aspect parfaitement usé qu'il faut généralement des années pour obtenir, mais nous avons fait tout le travail pour vous. Les détails déchirés ? Ils ne sont pas là pour faire joli. Ils permettent d'engager la conversation, d'affirmer son style et de témoigner de son esprit rebelle. C'est comme si vous portiez une œuvre d'art qui vous donne l'air incroyablement cool.</p>
<h2>Pourquoi notre gilet en denim noir vieilli s'envole-t-il des étagères ?</h2>
<ul>
<li>Une coupe ajustée qui épouse les formes de votre corps aux bons endroits</li>
<li>Détails parfaitement usés pour un look de rock star.</li>
<li>Couleur noire polyvalente qui s'associe avec littéralement tout</li>
<li>Sans manches, parfait pour les superpositions ou pour montrer ses armes.</li>
<li>Construction durable capable de supporter les aventures les plus folles</li>
<li>Style intemporel inspiré des cow-boys avec une touche moderne et audacieuse</li>
</ul>
<p>Pour un style similaire, consultez notre <a href="https://www.denim-vest.com/fr/long-distressed-denim-vest/" target="_blank" rel="noopener noreferrer">gilet long en denim vieilli</a>.</p>
<h2>Les petits détails</h2>
<ul>
<li>Matière : Denim noir de haute qualité et confortable</li>
<li>Style : Gilet sans manches d'aspect vieilli avec détails d'inspiration cow-boy</li>
<li>Coupe : Coupe étroite pour une silhouette élégante et moderne</li>
<li>Caractéristiques : Détails déchirés pour une allure plus vive.</li>
<li>Fermeture : Bouton sur le devant pour un port facile</li>
<li>Entretien : Lavable en machine pour un entretien facile</li>
</ul>
<p>Écoutez bien, les amateurs de style ! Cette <strong>gilet en denim noir vieilli</strong> n'est pas seulement un vêtement, c'est un choix de vie. Il est destiné aux rebelles, aux rockers, aux avant-gardistes et à tous ceux qui veulent ajouter une dose de cool à leur garde-robe. Que vous participiez à un festival de musique, que vous alliez faire un tour en moto ou que vous souhaitiez simplement vous démarquer au milieu d'une foule de tenues ennuyeuses, ce gilet est là pour vous aider (littéralement). C'est le mélange parfait de robustesse et de style, comme si James Dean et Johnny Cash avaient eu un enfant de la mode. Alors pourquoi attendre ? Achetez le vôtre avant qu'il ne s'arrache. N'oubliez pas, dans un monde où vous pouvez être n'importe quoi, soyez un dur à cuire dans un gilet en denim noir vieilli. Votre futur moi (et vos followers Instagram) vous remercieront !</p>

<p>Faites preuve d'audace avec notre gilet en denim noir usé. Élégant, stylé et parfait pour tout look décontracté. Livraison gratuite - achetez maintenant et démarquez-vous !</p>
