{"id":505,"date":"2025-01-11T15:07:16","date_gmt":"2025-01-11T15:07:16","guid":{"rendered":"https:\/\/www.denim-vest.com\/?post_type=product&#038;p=505"},"modified":"2025-01-13T17:47:21","modified_gmt":"2025-01-13T17:47:21","slug":"american-flag-denim-vest-mens","status":"publish","type":"product","link":"https:\/\/www.denim-vest.com\/fr\/produit\/gilet-en-denim-a-leffigie-du-drapeau-americain\/","title":{"rendered":"Gilet en denim avec drapeau am\u00e9ricain"},"content":{"rendered":"<div class=\"detailmodule_html\">\n<div class=\"detail-desc-decorate-richtext\">\n<h2>Lib\u00e9rez votre style patriotique avec notre gilet en jean \u00e0 drapeau am\u00e9ricain<\/h2>\n<p>Les gars, rassemblez-vous ! Nous avons une d\u00e9claration de style aussi audacieuse que le pays des libres et aussi intemporelle que la tarte aux pommes. Notre <strong>Drapeau am\u00e9ricain<\/strong><a href=\"https:\/\/www.denim-vest.com\/fr\/denim-vest-for-men\/\"> gilet en jean pour hommes<\/a> n'est pas seulement un v\u00eatement, c'est une tranche d'Americana \u00e0 porter qui vous donnera l'impression d'\u00eatre la vedette de votre propre vid\u00e9o musicale de Bruce Springsteen !<\/p>\n<h2>Les vibrations vintage rencontrent le Maverick moderne<\/h2>\n<p>Imaginez : vous roulez sur la Route 66, le vent dans les cheveux, et ce gilet de luxe sur le dos. Notre <strong>Gilet en denim pour hommes avec drapeau am\u00e9ricain<\/strong> est comme une chanson de rock classique que vous ne pouvez pas vous emp\u00eacher de mettre en marche - c'est familier, c'est excitant, et \u00e7a ne se d\u00e9mode jamais. Nous avons pris ce look denim intemporel et lui avons donn\u00e9 un punch patriotique qui fera tourner les t\u00eates plus vite qu'un feu d'artifice du 4 juillet !<\/p>\n<h2>Peut-on vraiment porter un gilet \u00e0 drapeau sans avoir l'air ringard ?<\/h2>\n<p>Absolument, partenaire ! Il ne s'agit pas de la chemise \u00e0 drapeau de votre oncle que vous avez achet\u00e9e au magasin du dollar. Nous avons con\u00e7u ce gilet avec un \u00e9quilibre parfait entre fiert\u00e9 et style. Elle est plus savoureuse qu'un barbecue gastronomique et plus polyvalente qu'un couteau suisse lors d'un jamboree scout !<\/p>\n<p>Montrez votre c\u00f4t\u00e9 patriotique avec notre\u00a0<a href=\"https:\/\/www.denim-vest.com\/fr\/mens-western-denim-vest\/\" target=\"_blank\" rel=\"noopener noreferrer\">gilet western denim pour homme<\/a>.<\/p>\n<h2>Des caract\u00e9ristiques qui vous donneront l'impression d'\u00eatre un v\u00e9ritable h\u00e9ros am\u00e9ricain<\/h2>\n<ul>\n<li>Construction en denim authentique plus r\u00e9sistante qu'un steak \u00e0 deux dollars<\/li>\n<li>Sans manches, parfait pour montrer ses biceps durement gagn\u00e9s<\/li>\n<li>D\u00e9tails d\u00e9chir\u00e9s pour une allure robuste et habit\u00e9e<\/li>\n<li>Un linge vintage qui raconte une histoire (m\u00eame si vous l'avez achet\u00e9 hier)<\/li>\n<li>Le design du drapeau am\u00e9ricain vous permet de porter votre patriotisme sur votre manche... ou plut\u00f4t sur votre dos !<\/li>\n<li>Disponible jusqu'\u00e0 5XL parce que la libert\u00e9 est belle sur tout le monde<\/li>\n<\/ul>\n<h2>Les d\u00e9tails de la banni\u00e8re \u00e9toil\u00e9e<\/h2>\n<ul>\n<li>Mati\u00e8re : Denim d\u00e9lav\u00e9 de qualit\u00e9 sup\u00e9rieure qui donne l'impression d'avoir \u00e9t\u00e9 votre compagnon de route depuis des ann\u00e9es.<\/li>\n<li>Style : Gilet d'inspiration cow-boy avec une touche patriotique<\/li>\n<li>Coupe : De la taille normale \u00e0 la taille forte, pour que chaque h\u00e9ros am\u00e9ricain ait une coupe parfaite.<\/li>\n<li>Caract\u00e9ristiques : Des accents et des drapeaux en relief pour un aspect authentique et us\u00e9 par les intemp\u00e9ries<\/li>\n<li>Polyvalence : Parfait pour les barbecues dans l'arri\u00e8re-cour, les concerts de musique country ou tout simplement pour se pavaner en ville.<\/li>\n<\/ul>\n<p>Ne laissez pas passer cette chance de poss\u00e9der un morceau d'Americana ! Notre <strong>Gilet en denim pour hommes avec drapeau am\u00e9ricain<\/strong> s'envole des rayons plus vite que les hot-dogs lors d'un match de baseball. Que vous soyez un patriote n\u00e9 et \u00e9lev\u00e9 ou simplement quelqu'un qui appr\u00e9cie le style, ce gilet est votre ticket pour le cool instantan\u00e9. Procurez-vous le v\u00f4tre d\u00e8s maintenant et pr\u00e9parez-vous \u00e0 redonner du style \u00e0 l'Am\u00e9rique ! N'oubliez pas qu'au pays de la libert\u00e9 et de la bravoure, vous avez le droit d'\u00eatre aussi beau !<\/p>\n<p><img decoding=\"async\" src=\"https:\/\/ae01.alicdn.com\/kf\/Sedceaa24bf6b4ff0952ed78034cad0f3E.jpg\" \/><\/p>\n<\/div>\n<\/div>","protected":false},"excerpt":{"rendered":"<p>Affichez votre fiert\u00e9 avec notre gilet en denim pour hommes portant le drapeau am\u00e9ricain. Audacieux, patriotique et parfait pour toutes les occasions. Livraison gratuite - achetez maintenant et faites une d\u00e9claration !<\/p>","protected":false},"featured_media":518,"template":"","meta":[],"product_brand":[],"product_cat":[77],"product_tag":[],"class_list":{"0":"post-505","1":"product","2":"type-product","3":"status-publish","4":"has-post-thumbnail","6":"product_cat-denim-vest-for-men","8":"first","9":"instock","10":"shipping-taxable","11":"purchasable","12":"product-type-variable"},"_links":{"self":[{"href":"https:\/\/www.denim-vest.com\/fr\/wp-json\/wp\/v2\/product\/505","targetHints":{"allow":["GET"]}}],"collection":[{"href":"https:\/\/www.denim-vest.com\/fr\/wp-json\/wp\/v2\/product"}],"about":[{"href":"https:\/\/www.denim-vest.com\/fr\/wp-json\/wp\/v2\/types\/product"}],"wp:featuredmedia":[{"embeddable":true,"href":"https:\/\/www.denim-vest.com\/fr\/wp-json\/wp\/v2\/media\/518"}],"wp:attachment":[{"href":"https:\/\/www.denim-vest.com\/fr\/wp-json\/wp\/v2\/media?parent=505"}],"wp:term":[{"taxonomy":"product_brand","embeddable":true,"href":"https:\/\/www.denim-vest.com\/fr\/wp-json\/wp\/v2\/product_brand?post=505"},{"taxonomy":"product_cat","embeddable":true,"href":"https:\/\/www.denim-vest.com\/fr\/wp-json\/wp\/v2\/product_cat?post=505"},{"taxonomy":"product_tag","embeddable":true,"href":"https:\/\/www.denim-vest.com\/fr\/wp-json\/wp\/v2\/product_tag?post=505"}],"curies":[{"name":"wp","href":"https:\/\/api.w.org\/{rel}","templated":true}]}}

Gilet en denim avec drapeau américain

<div class="detailmodule_html">
<div class="detail-desc-decorate-richtext">
<h2>Libérez votre style patriotique avec notre gilet en jean à drapeau américain</h2>
<p>Les gars, rassemblez-vous ! Nous avons une déclaration de style aussi audacieuse que le pays des libres et aussi intemporelle que la tarte aux pommes. Notre <strong>Drapeau américain</strong><a href="https://www.denim-vest.com/fr/denim-vest-for-men/"> gilet en jean pour hommes</a> n'est pas seulement un vêtement, c'est une tranche d'Americana à porter qui vous donnera l'impression d'être la vedette de votre propre vidéo musicale de Bruce Springsteen !</p>
<h2>Les vibrations vintage rencontrent le Maverick moderne</h2>
<p>Imaginez : vous roulez sur la Route 66, le vent dans les cheveux, et ce gilet de luxe sur le dos. Notre <strong>Gilet en denim pour hommes avec drapeau américain</strong> est comme une chanson de rock classique que vous ne pouvez pas vous empêcher de mettre en marche - c'est familier, c'est excitant, et ça ne se démode jamais. Nous avons pris ce look denim intemporel et lui avons donné un punch patriotique qui fera tourner les têtes plus vite qu'un feu d'artifice du 4 juillet !</p>
<h2>Peut-on vraiment porter un gilet à drapeau sans avoir l'air ringard ?</h2>
<p>Absolument, partenaire ! Il ne s'agit pas de la chemise à drapeau de votre oncle que vous avez achetée au magasin du dollar. Nous avons conçu ce gilet avec un équilibre parfait entre fierté et style. Elle est plus savoureuse qu'un barbecue gastronomique et plus polyvalente qu'un couteau suisse lors d'un jamboree scout !</p>
<p>Montrez votre côté patriotique avec notre <a href="https://www.denim-vest.com/fr/mens-western-denim-vest/" target="_blank" rel="noopener noreferrer">gilet western denim pour homme</a>.</p>
<h2>Des caractéristiques qui vous donneront l'impression d'être un véritable héros américain</h2>
<ul>
<li>Construction en denim authentique plus résistante qu'un steak à deux dollars</li>
<li>Sans manches, parfait pour montrer ses biceps durement gagnés</li>
<li>Détails déchirés pour une allure robuste et habitée</li>
<li>Un linge vintage qui raconte une histoire (même si vous l'avez acheté hier)</li>
<li>Le design du drapeau américain vous permet de porter votre patriotisme sur votre manche... ou plutôt sur votre dos !</li>
<li>Disponible jusqu'à 5XL parce que la liberté est belle sur tout le monde</li>
</ul>
<h2>Les détails de la bannière étoilée</h2>
<ul>
<li>Matière : Denim délavé de qualité supérieure qui donne l'impression d'avoir été votre compagnon de route depuis des années.</li>
<li>Style : Gilet d'inspiration cow-boy avec une touche patriotique</li>
<li>Coupe : De la taille normale à la taille forte, pour que chaque héros américain ait une coupe parfaite.</li>
<li>Caractéristiques : Des accents et des drapeaux en relief pour un aspect authentique et usé par les intempéries</li>
<li>Polyvalence : Parfait pour les barbecues dans l'arrière-cour, les concerts de musique country ou tout simplement pour se pavaner en ville.</li>
</ul>
<p>Ne laissez pas passer cette chance de posséder un morceau d'Americana ! Notre <strong>Gilet en denim pour hommes avec drapeau américain</strong> s'envole des rayons plus vite que les hot-dogs lors d'un match de baseball. Que vous soyez un patriote né et élevé ou simplement quelqu'un qui apprécie le style, ce gilet est votre ticket pour le cool instantané. Procurez-vous le vôtre dès maintenant et préparez-vous à redonner du style à l'Amérique ! N'oubliez pas qu'au pays de la liberté et de la bravoure, vous avez le droit d'être aussi beau !</p>
<p><img decoding="async" src="https://ae01.alicdn.com/kf/Sedceaa24bf6b4ff0952ed78034cad0f3E.jpg" /></p>
</div>
</div>

<p>Affichez votre fierté avec notre gilet en denim pour hommes portant le drapeau américain. Audacieux, patriotique et parfait pour toutes les occasions. Livraison gratuite - achetez maintenant et faites une déclaration !</p>
