{"id":342,"date":"2025-01-12T07:33:45","date_gmt":"2025-01-12T07:33:45","guid":{"rendered":"https:\/\/www.denim-vest.com\/?post_type=product&#038;p=342"},"modified":"2025-01-13T17:50:56","modified_gmt":"2025-01-13T17:50:56","slug":"blue-denim-vest-mens","status":"publish","type":"product","link":"https:\/\/www.denim-vest.com\/fr\/produit\/gilet-en-denim-bleu-pour-hommes\/","title":{"rendered":"Gilet en denim bleu pour hommes"},"content":{"rendered":"<p><img decoding=\"async\" src=\"https:\/\/ae01.alicdn.com\/kf\/S3d813084497a4caba94165030c79ebf8Y.jpg\" \/><\/p>\n<h2>Rehaussez votre style avec notre gilet en denim bleu pour hommes<\/h2>\n<p>Messieurs, attachez vos ceintures ! Nous nous appr\u00eatons \u00e0 donner un coup de fouet \u00e0 votre garde-robe avec notre <strong>gilet en denim bleu pour hommes<\/strong> chef-d'\u0153uvre. C'est comme si nous avions distill\u00e9 l'essence des routes am\u00e9ricaines accident\u00e9es et l'esprit rebelle de la culture biker en un seul v\u00eatement vraiment cool. Croyez-moi, ce n'est pas seulement un gilet - c'est une d\u00e9claration, un style de vie et votre nouveau meilleur ami sur la route.<\/p>\n<h2>L\u00e0 o\u00f9 l'esprit camionneur rencontre l'esprit motard<\/h2>\n<p>Imaginez que vous descendez la Route 66, le vent dans les cheveux et le soleil sur les \u00e9paules. C'est l'ambiance de notre <strong>gilet en denim bleu pour hommes<\/strong> apporte \u00e0 la table. Nous avons pris le look camionneur classique, l'avons transform\u00e9 en un look motard et y avons ajout\u00e9 une touche urbaine. Le r\u00e9sultat ? Un gilet plus r\u00e9sistant qu'un voyage long-courrier et plus cool qu'une vir\u00e9e nocturne.<\/p>\n<h2>Est-ce le couteau suisse des vestes ?<\/h2>\n<p>Vous pouvez parier que c'est le cas ! Ce gilet est plus polyvalent que le menu d'un resto routier. Avec ses multiples poches, vous avez de la place pour tout, de votre fid\u00e8le couteau de poche \u00e0 votre r\u00e9serve secr\u00e8te de b\u0153uf s\u00e9ch\u00e9. Et soyons r\u00e9alistes, dans un monde o\u00f9 la mode masculine sacrifie souvent la fonction \u00e0 la forme, ce gilet dit \"Pourquoi ne pas avoir les deux ?\". Elle est pratique, \u00e9l\u00e9gante et pr\u00eate \u00e0 affronter toutes les aventures que vous lui proposerez.<\/p>\n<p>Ce gilet bleu s'associe parfaitement \u00e0 notre\u00a0<a href=\"https:\/\/www.denim-vest.com\/fr\/dark-blue-denim-vest-for-men\/\" target=\"_blank\" rel=\"noopener noreferrer\">gilet en jean bleu fonc\u00e9 pour hommes<\/a>.<\/p>\n<h2>Des caract\u00e9ristiques qui vous donneront l'impression d'\u00eatre le roi de la route<\/h2>\n<ul>\n<li>Couleur bleu fonc\u00e9\/noir qui dissimule la poussi\u00e8re de la route (et qui est tr\u00e8s esth\u00e9tique)<\/li>\n<li>Sans manches pour une mobilit\u00e9 maximale (et pour montrer ses armes)<\/li>\n<li>Multi-poches pour tout ce qui est essentiel (et m\u00eame plus)<\/li>\n<li>Fermeture \u00e0 glissi\u00e8re pour une mise en place et un retrait faciles (m\u00eame avec des gants)<\/li>\n<li>Tissu denim durable qui peut r\u00e9sister \u00e0 tout ce que vous lui faites subir<\/li>\n<li>Un style polyvalent qui convient aussi bien aux camionneurs qu'aux motards et aux citadins.<\/li>\n<\/ul>\n<h2>Les caract\u00e9ristiques qui le distinguent<\/h2>\n<ul>\n<li>Mati\u00e8re : Denim r\u00e9sistant<\/li>\n<li>Couleur : bleu fonc\u00e9\/noir profond et myst\u00e9rieux<\/li>\n<li>Style : Veste sans manches pour une libert\u00e9 totale<\/li>\n<li>Fermeture : Fermeture \u00e0 glissi\u00e8re robuste sur le devant<\/li>\n<li>Poches : Multiples, parce qu'on n'en a jamais trop<\/li>\n<li>Polyvalence : Parfait pour conduire, rouler ou simplement avoir l'air cool<\/li>\n<\/ul>\n<p>Tr\u00e8s bien, chers voyageurs, voici ce qu'il en est : notre <strong>gilet en denim bleu pour hommes<\/strong> se vend plus vite que le caf\u00e9 d'une station-service lors d'un voyage \u00e0 travers le pays. Que vous soyez un camionneur, un motard ou simplement un homme qui appr\u00e9cie les v\u00eatements qui peuvent suivre son mode de vie, ce gilet est votre ticket pour le cool instantan\u00e9. Ne soyez pas le dernier \u00e0 la halte routi\u00e8re sans elle. Procurez-vous le v\u00f4tre d\u00e8s maintenant et observez comment votre cr\u00e9dibilit\u00e9 en mati\u00e8re de style s'accroche \u00e0 l'acc\u00e9l\u00e9rateur. N'oubliez pas que dans le monde de la mode masculine, il ne s'agit pas seulement d'\u00eatre beau - il s'agit d'\u00eatre beau tout en faisant ce que l'on veut. Et avec ce gilet, vous n'\u00eates pas seulement pr\u00eat \u00e0 tout, vous \u00eates pr\u00eat \u00e0 tout !<\/p>","protected":false},"excerpt":{"rendered":"<p>Am\u00e9liorez votre style avec notre gilet en denim bleu pour hommes. Classique, polyvalent et parfait pour toutes les occasions. Livraison gratuite - commandez d\u00e8s aujourd'hui !<\/p>","protected":false},"featured_media":343,"template":"","meta":[],"product_brand":[],"product_cat":[77],"product_tag":[],"class_list":{"0":"post-342","1":"product","2":"type-product","3":"status-publish","4":"has-post-thumbnail","6":"product_cat-denim-vest-for-men","8":"first","9":"instock","10":"shipping-taxable","11":"purchasable","12":"product-type-variable"},"_links":{"self":[{"href":"https:\/\/www.denim-vest.com\/fr\/wp-json\/wp\/v2\/product\/342","targetHints":{"allow":["GET"]}}],"collection":[{"href":"https:\/\/www.denim-vest.com\/fr\/wp-json\/wp\/v2\/product"}],"about":[{"href":"https:\/\/www.denim-vest.com\/fr\/wp-json\/wp\/v2\/types\/product"}],"wp:featuredmedia":[{"embeddable":true,"href":"https:\/\/www.denim-vest.com\/fr\/wp-json\/wp\/v2\/media\/343"}],"wp:attachment":[{"href":"https:\/\/www.denim-vest.com\/fr\/wp-json\/wp\/v2\/media?parent=342"}],"wp:term":[{"taxonomy":"product_brand","embeddable":true,"href":"https:\/\/www.denim-vest.com\/fr\/wp-json\/wp\/v2\/product_brand?post=342"},{"taxonomy":"product_cat","embeddable":true,"href":"https:\/\/www.denim-vest.com\/fr\/wp-json\/wp\/v2\/product_cat?post=342"},{"taxonomy":"product_tag","embeddable":true,"href":"https:\/\/www.denim-vest.com\/fr\/wp-json\/wp\/v2\/product_tag?post=342"}],"curies":[{"name":"wp","href":"https:\/\/api.w.org\/{rel}","templated":true}]}}

<p><img decoding="async" src="https://ae01.alicdn.com/kf/S3d813084497a4caba94165030c79ebf8Y.jpg" /></p>
<h2>Rehaussez votre style avec notre gilet en denim bleu pour hommes</h2>
<p>Messieurs, attachez vos ceintures ! Nous nous apprêtons à donner un coup de fouet à votre garde-robe avec notre <strong>gilet en denim bleu pour hommes</strong> chef-d'œuvre. C'est comme si nous avions distillé l'essence des routes américaines accidentées et l'esprit rebelle de la culture biker en un seul vêtement vraiment cool. Croyez-moi, ce n'est pas seulement un gilet - c'est une déclaration, un style de vie et votre nouveau meilleur ami sur la route.</p>
<h2>Là où l'esprit camionneur rencontre l'esprit motard</h2>
<p>Imaginez que vous descendez la Route 66, le vent dans les cheveux et le soleil sur les épaules. C'est l'ambiance de notre <strong>gilet en denim bleu pour hommes</strong> apporte à la table. Nous avons pris le look camionneur classique, l'avons transformé en un look motard et y avons ajouté une touche urbaine. Le résultat ? Un gilet plus résistant qu'un voyage long-courrier et plus cool qu'une virée nocturne.</p>
<h2>Est-ce le couteau suisse des vestes ?</h2>
<p>Vous pouvez parier que c'est le cas ! Ce gilet est plus polyvalent que le menu d'un resto routier. Avec ses multiples poches, vous avez de la place pour tout, de votre fidèle couteau de poche à votre réserve secrète de bœuf séché. Et soyons réalistes, dans un monde où la mode masculine sacrifie souvent la fonction à la forme, ce gilet dit "Pourquoi ne pas avoir les deux ?". Elle est pratique, élégante et prête à affronter toutes les aventures que vous lui proposerez.</p>
<p>Ce gilet bleu s'associe parfaitement à notre <a href="https://www.denim-vest.com/fr/dark-blue-denim-vest-for-men/" target="_blank" rel="noopener noreferrer">gilet en jean bleu foncé pour hommes</a>.</p>
<h2>Des caractéristiques qui vous donneront l'impression d'être le roi de la route</h2>
<ul>
<li>Couleur bleu foncé/noir qui dissimule la poussière de la route (et qui est très esthétique)</li>
<li>Sans manches pour une mobilité maximale (et pour montrer ses armes)</li>
<li>Multi-poches pour tout ce qui est essentiel (et même plus)</li>
<li>Fermeture à glissière pour une mise en place et un retrait faciles (même avec des gants)</li>
<li>Tissu denim durable qui peut résister à tout ce que vous lui faites subir</li>
<li>Un style polyvalent qui convient aussi bien aux camionneurs qu'aux motards et aux citadins.</li>
</ul>
<h2>Les caractéristiques qui le distinguent</h2>
<ul>
<li>Matière : Denim résistant</li>
<li>Couleur : bleu foncé/noir profond et mystérieux</li>
<li>Style : Veste sans manches pour une liberté totale</li>
<li>Fermeture : Fermeture à glissière robuste sur le devant</li>
<li>Poches : Multiples, parce qu'on n'en a jamais trop</li>
<li>Polyvalence : Parfait pour conduire, rouler ou simplement avoir l'air cool</li>
</ul>
<p>Très bien, chers voyageurs, voici ce qu'il en est : notre <strong>gilet en denim bleu pour hommes</strong> se vend plus vite que le café d'une station-service lors d'un voyage à travers le pays. Que vous soyez un camionneur, un motard ou simplement un homme qui apprécie les vêtements qui peuvent suivre son mode de vie, ce gilet est votre ticket pour le cool instantané. Ne soyez pas le dernier à la halte routière sans elle. Procurez-vous le vôtre dès maintenant et observez comment votre crédibilité en matière de style s'accroche à l'accélérateur. N'oubliez pas que dans le monde de la mode masculine, il ne s'agit pas seulement d'être beau - il s'agit d'être beau tout en faisant ce que l'on veut. Et avec ce gilet, vous n'êtes pas seulement prêt à tout, vous êtes prêt à tout !</p>

<p>Améliorez votre style avec notre gilet en denim bleu pour hommes. Classique, polyvalent et parfait pour toutes les occasions. Livraison gratuite - commandez dès aujourd'hui !</p>
