{"id":216,"date":"2025-01-11T14:48:19","date_gmt":"2025-01-11T14:48:19","guid":{"rendered":"https:\/\/www.denim-vest.com\/?post_type=product&#038;p=216"},"modified":"2025-01-14T04:11:26","modified_gmt":"2025-01-14T04:11:26","slug":"cropped-black-denim-vest","status":"publish","type":"product","link":"https:\/\/www.denim-vest.com\/fr\/produit\/gilet-croise-en-denim-noir\/","title":{"rendered":"Gilet crois\u00e9 en denim noir"},"content":{"rendered":"<p>Taille (cm)<br \/>\nS Buste : 88 Longueur : 49 Taille : 74<br \/>\nM Buste : 92 Longueur : 50 Taille : 78<br \/>\nL Buste : 98 Longueur : 51 Taille : 82<\/p>\n<p>Taille (pouces)<br \/>\nS Buste : 34.65 Longueur : 19.29 Taille : 29.13<br \/>\nM Buste : 36.22 Longueur : 19.69 Taille : 30.71<br \/>\nL Buste : 38.58 Longueur : 20.08 Taille : 32.28<\/p>\n<h2>Adoptez le look de l'an 2000 avec notre gilet court en denim noir<\/h2>\n<p>Mesdames, imaginez ceci : vous vous pavanez dans la rue en ayant l'impression de sortir d'un clip des ann\u00e9es 2000. C'est le pouvoir de notre <strong>gilet crois\u00e9 en denim noir<\/strong>. Ce n'est pas seulement un haut, c'est une machine \u00e0 remonter le temps qui vous ram\u00e8nera \u00e0 l'\u00e2ge d'or des jeans taille basse et des pinces \u00e0 papillon !<\/p>\n<h2>L'ultime pi\u00e8ce d'apparat de l'\u00e9t\u00e9<\/h2>\n<p>Nous avons tous connu ces moments o\u00f9 nous voulions faire une d\u00e9claration de mode plus bruyante qu'un boombox lors d'une f\u00eate de quartier. Eh bien, votre recherche s'arr\u00eate ici ! Nos <strong>gilet crois\u00e9 en denim noir<\/strong> est la r\u00e9ponse \u00e0 toutes vos pri\u00e8res en mati\u00e8re de style. C'est comme porter de l'assurance - en d\u00e9tresse, boutonn\u00e9 et pr\u00eat \u00e0 faire tourner les t\u00eates.<\/p>\n<h2>Une veste en jean noir peut-elle vraiment \u00eatre aussi polyvalente ?<\/h2>\n<p>Vous pouvez parier sur vos baskets qu'il le peut ! Ce gilet est votre ticket pour le paradis de l'an 2000. Associez-la \u00e0 un jean taille haute pour une soir\u00e9e, enfilez-la par-dessus une robe longue pour une ambiance de festival, ou portez-la seule pour les journ\u00e9es d'\u00e9t\u00e9 torrides. C'est comme si vous aviez un cam\u00e9l\u00e9on de la mode dans votre garde-robe, qui s'adapte \u00e0 tous les looks dont vous r\u00eavez.<\/p>\n<h2>Des fonctionnalit\u00e9s qui feront de vous la reine de l'an 2000<\/h2>\n<ul>\n<li>Denim noir d\u00e9lav\u00e9 pour un look us\u00e9 parfait<\/li>\n<li>Conception sans manches pour mettre en valeur les bras pr\u00eats pour l'\u00e9t\u00e9<\/li>\n<li>Bouton sur le devant pour un style ajustable<\/li>\n<li>Coupe corset sans bretelles pour une silhouette enveloppante<\/li>\n<li>Longueur raccourcie pour accentuer la taille<\/li>\n<li>Assez polyvalent pour l'\u00e9t\u00e9, le printemps et l'automne<\/li>\n<\/ul>\n<h2>D\u00e9tails techniques pour le Fashion-Forward<\/h2>\n<ul>\n<li>Mati\u00e8re : 95% coton, 5% polyester<\/li>\n<li>Style : Gilet court sans manches avec boutons sur le devant<\/li>\n<li>Coupe : Style corset, moulant<\/li>\n<li>Gamme de tailles : S, M, L<\/li>\n<\/ul>\n<p>Ne laissez pas passer cette occasion de canaliser la d\u00e9esse de l'an 2000 qui sommeille en vous ! Notre <strong>cropped noir <\/strong>La veste denim s'envole des rayons plus vite que vous ne pouvez dire \"C'est chaud\". Attrapez le v\u00f4tre d\u00e8s maintenant et pr\u00e9parez-vous \u00e0 servir des looks qui rendraient m\u00eame Paris Hilton jalouse. Croyez-nous, votre fil Instagram est sur le point de devenir beaucoup plus enflamm\u00e9 !<\/p>\n<p>Associez ce gilet noir raccourci avec notre\u00a0<a href=\"https:\/\/www.denim-vest.com\/fr\/womens-cropped-denim-vest\/\" target=\"_blank\" rel=\"noopener noreferrer\">gilet crois\u00e9 en denim pour femmes<\/a>.<\/p>\n<p>&nbsp;<\/p>","protected":false},"excerpt":{"rendered":"<p>Faites tourner les t\u00eates avec notre gilet cropped en denim noir \u2728. Chic, audacieux et parfait pour superposer vos tenues pr\u00e9f\u00e9r\u00e9es. Livraison gratuite - achetez votre style d\u00e8s aujourd'hui !<\/p>","protected":false},"featured_media":217,"template":"","meta":[],"product_brand":[],"product_cat":[78],"product_tag":[],"class_list":{"0":"post-216","1":"product","2":"type-product","3":"status-publish","4":"has-post-thumbnail","6":"product_cat-denim-vest-women","8":"first","9":"instock","10":"shipping-taxable","11":"purchasable","12":"product-type-variable"},"_links":{"self":[{"href":"https:\/\/www.denim-vest.com\/fr\/wp-json\/wp\/v2\/product\/216","targetHints":{"allow":["GET"]}}],"collection":[{"href":"https:\/\/www.denim-vest.com\/fr\/wp-json\/wp\/v2\/product"}],"about":[{"href":"https:\/\/www.denim-vest.com\/fr\/wp-json\/wp\/v2\/types\/product"}],"wp:featuredmedia":[{"embeddable":true,"href":"https:\/\/www.denim-vest.com\/fr\/wp-json\/wp\/v2\/media\/217"}],"wp:attachment":[{"href":"https:\/\/www.denim-vest.com\/fr\/wp-json\/wp\/v2\/media?parent=216"}],"wp:term":[{"taxonomy":"product_brand","embeddable":true,"href":"https:\/\/www.denim-vest.com\/fr\/wp-json\/wp\/v2\/product_brand?post=216"},{"taxonomy":"product_cat","embeddable":true,"href":"https:\/\/www.denim-vest.com\/fr\/wp-json\/wp\/v2\/product_cat?post=216"},{"taxonomy":"product_tag","embeddable":true,"href":"https:\/\/www.denim-vest.com\/fr\/wp-json\/wp\/v2\/product_tag?post=216"}],"curies":[{"name":"wp","href":"https:\/\/api.w.org\/{rel}","templated":true}]}}

Gilet croisé en denim noir

<p>Taille (cm)<br />
S Buste : 88 Longueur : 49 Taille : 74<br />
M Buste : 92 Longueur : 50 Taille : 78<br />
L Buste : 98 Longueur : 51 Taille : 82</p>
<p>Taille (pouces)<br />
S Buste : 34.65 Longueur : 19.29 Taille : 29.13<br />
M Buste : 36.22 Longueur : 19.69 Taille : 30.71<br />
L Buste : 38.58 Longueur : 20.08 Taille : 32.28</p>
<h2>Adoptez le look de l'an 2000 avec notre gilet court en denim noir</h2>
<p>Mesdames, imaginez ceci : vous vous pavanez dans la rue en ayant l'impression de sortir d'un clip des années 2000. C'est le pouvoir de notre <strong>gilet croisé en denim noir</strong>. Ce n'est pas seulement un haut, c'est une machine à remonter le temps qui vous ramènera à l'âge d'or des jeans taille basse et des pinces à papillon !</p>
<h2>L'ultime pièce d'apparat de l'été</h2>
<p>Nous avons tous connu ces moments où nous voulions faire une déclaration de mode plus bruyante qu'un boombox lors d'une fête de quartier. Eh bien, votre recherche s'arrête ici ! Nos <strong>gilet croisé en denim noir</strong> est la réponse à toutes vos prières en matière de style. C'est comme porter de l'assurance - en détresse, boutonné et prêt à faire tourner les têtes.</p>
<h2>Une veste en jean noir peut-elle vraiment être aussi polyvalente ?</h2>
<p>Vous pouvez parier sur vos baskets qu'il le peut ! Ce gilet est votre ticket pour le paradis de l'an 2000. Associez-la à un jean taille haute pour une soirée, enfilez-la par-dessus une robe longue pour une ambiance de festival, ou portez-la seule pour les journées d'été torrides. C'est comme si vous aviez un caméléon de la mode dans votre garde-robe, qui s'adapte à tous les looks dont vous rêvez.</p>
<h2>Des fonctionnalités qui feront de vous la reine de l'an 2000</h2>
<ul>
<li>Denim noir délavé pour un look usé parfait</li>
<li>Conception sans manches pour mettre en valeur les bras prêts pour l'été</li>
<li>Bouton sur le devant pour un style ajustable</li>
<li>Coupe corset sans bretelles pour une silhouette enveloppante</li>
<li>Longueur raccourcie pour accentuer la taille</li>
<li>Assez polyvalent pour l'été, le printemps et l'automne</li>
</ul>
<h2>Détails techniques pour le Fashion-Forward</h2>
<ul>
<li>Matière : 95% coton, 5% polyester</li>
<li>Style : Gilet court sans manches avec boutons sur le devant</li>
<li>Coupe : Style corset, moulant</li>
<li>Gamme de tailles : S, M, L</li>
</ul>
<p>Ne laissez pas passer cette occasion de canaliser la déesse de l'an 2000 qui sommeille en vous ! Notre <strong>cropped noir </strong>La veste denim s'envole des rayons plus vite que vous ne pouvez dire "C'est chaud". Attrapez le vôtre dès maintenant et préparez-vous à servir des looks qui rendraient même Paris Hilton jalouse. Croyez-nous, votre fil Instagram est sur le point de devenir beaucoup plus enflammé !</p>
<p>Associez ce gilet noir raccourci avec notre <a href="https://www.denim-vest.com/fr/womens-cropped-denim-vest/" target="_blank" rel="noopener noreferrer">gilet croisé en denim pour femmes</a>.</p>
<p>&nbsp;</p>

<p>Faites tourner les têtes avec notre gilet cropped en denim noir ✨. Chic, audacieux et parfait pour superposer vos tenues préférées. Livraison gratuite - achetez votre style dès aujourd'hui !</p>
