{"id":162,"date":"2025-01-11T14:32:14","date_gmt":"2025-01-11T14:32:14","guid":{"rendered":"https:\/\/www.denim-vest.com\/?post_type=product&#038;p=162"},"modified":"2025-01-14T04:20:11","modified_gmt":"2025-01-14T04:20:11","slug":"oversized-black-denim-vest","status":"publish","type":"product","link":"https:\/\/www.denim-vest.com\/fr\/produit\/gilet-en-denim-noir-surdimensionne\/","title":{"rendered":"Gilet en denim noir surdimensionn\u00e9"},"content":{"rendered":"<h2>Rehaussez votre style avec un gilet en denim noir surdimensionn\u00e9<\/h2>\n<p>Mesdames, imaginez ceci : vous vous promenez dans les rues anim\u00e9es de S\u00e9oul, avec l'impression de sortir d'un K-drama. C'est l'ambiance que nous avons voulu donner \u00e0 notre <strong>gilet en denim noir surdimensionn\u00e9<\/strong>. Il ne s'agit pas seulement d'un v\u00eatement, mais d'une d\u00e9claration, d'un \u00e9tat d'esprit, d'une ambiance enti\u00e8re, le tout envelopp\u00e9 dans un ensemble \u00e9l\u00e9gant.<\/p>\n<h2>La pi\u00e8ce de superposition ultime pour votre garde-robe<\/h2>\n<p>Nous sommes toutes pass\u00e9es par l\u00e0, devant nos placards, \u00e0 nous demander comment donner du piquant \u00e0 nos tenues. Ne vous posez plus de questions ! Nos <strong>gilet en denim noir surdimensionn\u00e9<\/strong> est la r\u00e9ponse \u00e0 vos pri\u00e8res en mati\u00e8re de style. C'est comme cette amie qui sait toujours comment vous mettre en valeur - polyvalente, fiable et toujours \u00e0 la hauteur.<\/p>\n<h2>Un gilet en jean noir surdimensionn\u00e9 est-il adapt\u00e9 \u00e0 l'automne ?<\/h2>\n<p>Absolument ! Ce gilet est parfait pour les journ\u00e9es d'automne fra\u00eeches o\u00f9 vous voulez avoir l'air cool sans vous geler. Superposez-le \u00e0 un gros pull ou \u00e0 un tee-shirt \u00e0 manches longues, et vous serez pr\u00eate \u00e0 affronter le monde - ou du moins \u00e0 avoir l'air fabuleuse en essayant de le faire.<\/p>\n<p>Pour plus d'options surdimensionn\u00e9es, consultez notre\u00a0<a href=\"https:\/\/www.denim-vest.com\/fr\/denim-vest-women-oversized\/\" target=\"_blank\" rel=\"noopener noreferrer\">gilet en jean pour femmes surdimensionn\u00e9<\/a><\/p>\n<h2>Des caract\u00e9ristiques cl\u00e9s qui vous feront tomber amoureux<\/h2>\n<ul>\n<li>Luxueuse qualit\u00e9 de designer cor\u00e9en<\/li>\n<li>Imprim\u00e9 d'inspiration vintage pour une touche d'originalit\u00e9<\/li>\n<li>Couleur noire polyvalente qui va avec tout<\/li>\n<li>Sans manches pour un maximum de possibilit\u00e9s de superposition<\/li>\n<li>Une taille unique pour tous, parce que nous croyons en l'inclusivit\u00e9<\/li>\n<\/ul>\n<h2>D\u00e9tails techniques pour le Fashion-Forward<\/h2>\n<ul>\n<li>Mati\u00e8re : Denim de qualit\u00e9 sup\u00e9rieure<\/li>\n<li>Couleur : Noir<\/li>\n<li>Style : Surdimensionn\u00e9, sans manches<\/li>\n<li>Design : Motif vintage imprim\u00e9<\/li>\n<li>Taille : Taille unique<\/li>\n<li>Saison : Parfait pour l'automne, mais suffisamment polyvalent pour \u00eatre port\u00e9 tout au long de l'ann\u00e9e<\/li>\n<\/ul>\n<p>Ne laissez pas cette opportunit\u00e9 vous \u00e9chapper ! Notre <strong>gilet en denim noir surdimensionn\u00e9<\/strong> s'envole des rayons plus vite que vous ne pouvez dire \"Semaine de la mode de S\u00e9oul\". Prenez le v\u00f4tre d\u00e8s maintenant et pr\u00e9parez-vous \u00e0 faire tourner les t\u00eates, \u00e0 susciter des conversations et \u00e0 vous sentir comme l'ic\u00f4ne de la mode que vous avez toujours voulu \u00eatre. Croyez-nous, votre garde-robe vous remerciera !<\/p>","protected":false},"excerpt":{"rendered":"<p>Rockez votre style avec notre gilet en denim noir surdimensionn\u00e9 \u2728. Parfait pour les superpositions, c'est un indispensable pour les vibes edgy. Livraison gratuite sur toutes les commandes - achetez maintenant !<\/p>","protected":false},"featured_media":165,"template":"","meta":[],"product_brand":[],"product_cat":[78],"product_tag":[],"class_list":{"0":"post-162","1":"product","2":"type-product","3":"status-publish","4":"has-post-thumbnail","6":"product_cat-denim-vest-women","8":"first","9":"instock","10":"shipping-taxable","11":"purchasable","12":"product-type-simple"},"_links":{"self":[{"href":"https:\/\/www.denim-vest.com\/fr\/wp-json\/wp\/v2\/product\/162","targetHints":{"allow":["GET"]}}],"collection":[{"href":"https:\/\/www.denim-vest.com\/fr\/wp-json\/wp\/v2\/product"}],"about":[{"href":"https:\/\/www.denim-vest.com\/fr\/wp-json\/wp\/v2\/types\/product"}],"wp:featuredmedia":[{"embeddable":true,"href":"https:\/\/www.denim-vest.com\/fr\/wp-json\/wp\/v2\/media\/165"}],"wp:attachment":[{"href":"https:\/\/www.denim-vest.com\/fr\/wp-json\/wp\/v2\/media?parent=162"}],"wp:term":[{"taxonomy":"product_brand","embeddable":true,"href":"https:\/\/www.denim-vest.com\/fr\/wp-json\/wp\/v2\/product_brand?post=162"},{"taxonomy":"product_cat","embeddable":true,"href":"https:\/\/www.denim-vest.com\/fr\/wp-json\/wp\/v2\/product_cat?post=162"},{"taxonomy":"product_tag","embeddable":true,"href":"https:\/\/www.denim-vest.com\/fr\/wp-json\/wp\/v2\/product_tag?post=162"}],"curies":[{"name":"wp","href":"https:\/\/api.w.org\/{rel}","templated":true}]}}

Gilet en denim noir surdimensionné

<h2>Rehaussez votre style avec un gilet en denim noir surdimensionné</h2>
<p>Mesdames, imaginez ceci : vous vous promenez dans les rues animées de Séoul, avec l'impression de sortir d'un K-drama. C'est l'ambiance que nous avons voulu donner à notre <strong>gilet en denim noir surdimensionné</strong>. Il ne s'agit pas seulement d'un vêtement, mais d'une déclaration, d'un état d'esprit, d'une ambiance entière, le tout enveloppé dans un ensemble élégant.</p>
<h2>La pièce de superposition ultime pour votre garde-robe</h2>
<p>Nous sommes toutes passées par là, devant nos placards, à nous demander comment donner du piquant à nos tenues. Ne vous posez plus de questions ! Nos <strong>gilet en denim noir surdimensionné</strong> est la réponse à vos prières en matière de style. C'est comme cette amie qui sait toujours comment vous mettre en valeur - polyvalente, fiable et toujours à la hauteur.</p>
<h2>Un gilet en jean noir surdimensionné est-il adapté à l'automne ?</h2>
<p>Absolument ! Ce gilet est parfait pour les journées d'automne fraîches où vous voulez avoir l'air cool sans vous geler. Superposez-le à un gros pull ou à un tee-shirt à manches longues, et vous serez prête à affronter le monde - ou du moins à avoir l'air fabuleuse en essayant de le faire.</p>
<p>Pour plus d'options surdimensionnées, consultez notre <a href="https://www.denim-vest.com/fr/denim-vest-women-oversized/" target="_blank" rel="noopener noreferrer">gilet en jean pour femmes surdimensionné</a></p>
<h2>Des caractéristiques clés qui vous feront tomber amoureux</h2>
<ul>
<li>Luxueuse qualité de designer coréen</li>
<li>Imprimé d'inspiration vintage pour une touche d'originalité</li>
<li>Couleur noire polyvalente qui va avec tout</li>
<li>Sans manches pour un maximum de possibilités de superposition</li>
<li>Une taille unique pour tous, parce que nous croyons en l'inclusivité</li>
</ul>
<h2>Détails techniques pour le Fashion-Forward</h2>
<ul>
<li>Matière : Denim de qualité supérieure</li>
<li>Couleur : Noir</li>
<li>Style : Surdimensionné, sans manches</li>
<li>Design : Motif vintage imprimé</li>
<li>Taille : Taille unique</li>
<li>Saison : Parfait pour l'automne, mais suffisamment polyvalent pour être porté tout au long de l'année</li>
</ul>
<p>Ne laissez pas cette opportunité vous échapper ! Notre <strong>gilet en denim noir surdimensionné</strong> s'envole des rayons plus vite que vous ne pouvez dire "Semaine de la mode de Séoul". Prenez le vôtre dès maintenant et préparez-vous à faire tourner les têtes, à susciter des conversations et à vous sentir comme l'icône de la mode que vous avez toujours voulu être. Croyez-nous, votre garde-robe vous remerciera !</p>

<p>Rockez votre style avec notre gilet en denim noir surdimensionné ✨. Parfait pour les superpositions, c'est un indispensable pour les vibes edgy. Livraison gratuite sur toutes les commandes - achetez maintenant !</p>
