{"id":108,"date":"2025-01-09T08:27:44","date_gmt":"2025-01-09T08:27:44","guid":{"rendered":"https:\/\/www.denim-vest.com\/?post_type=product&#038;p=108"},"modified":"2025-01-14T04:22:02","modified_gmt":"2025-01-14T04:22:02","slug":"blue-denim-vest-for-women","status":"publish","type":"product","link":"https:\/\/www.denim-vest.com\/fr\/produit\/gilet-en-jean-bleu-pour-femmes\/","title":{"rendered":"Gilet en denim bleu pour femmes"},"content":{"rendered":"<h2>Rehaussez votre style avec notre gilet en denim bleu chic pour femmes<\/h2>\n<p>Mesdames, pr\u00e9parez-vous \u00e0 tomber raides dingues ! Nous venons de d\u00e9voiler notre dernier bijou de mode - un <strong>gilet en jean bleu pour femmes<\/strong> qui est sur le point de devenir votre nouvelle obsession. C'est comme si nous avions mis en bouteille l'essence de la libert\u00e9 estivale et l'avions cousue dans un gilet. Croyez-moi, il ne s'agit pas seulement d'un v\u00eatement, mais d'une ambiance, d'une vibration, d'une pi\u00e8ce de d\u00e9claration qui crie \"J'ai du style pour des jours\".<\/p>\n<h2>Du style d\u00e9contract\u00e9 \u00e0 la reine du style de la rue : votre h\u00e9ro\u00efne de la garde-robe polyvalente<\/h2>\n<p>Imaginez ceci : vous vous promenez dans la rue et vous faites tourner les t\u00eates plus vite qu'une c\u00e9l\u00e9brit\u00e9. C'est le pouvoir de notre <strong>gilet en jean bleu pour femmes<\/strong>. Nous avons pris la veste en jean classique, lui avons donn\u00e9 une tournure moderne et lui avons insuffl\u00e9 une touche de charme vintage qui vous donnera l'impression d'\u00eatre une ic\u00f4ne de la mode, que ce soit lors d'un brunch entre filles ou d'un festival d'\u00e9t\u00e9.<\/p>\n<h2>Est-ce la pi\u00e8ce la plus polyvalente de votre garde-robe ?<\/h2>\n<p>Vous pouvez parier que c'est votre paire de lunettes de soleil pr\u00e9f\u00e9r\u00e9e ! Ce n'est pas seulement un gilet - c'est un cam\u00e9l\u00e9on de style. Superposez-le \u00e0 une robe fluide pour un look boho-chic parfait, ou associez-le \u00e0 un tee-shirt blanc et \u00e0 un jean pour un style classique am\u00e9ricain. Nous avons m\u00eame vu des fashionistas le porter sur un col roul\u00e9 pour une touche de fra\u00eecheur qui sort de l'ordinaire. Il est adaptable, il est \u00e9l\u00e9gant et il est pr\u00eat \u00e0 devenir votre pi\u00e8ce de choix pour toutes les occasions.<\/p>\n<h2>Des fonctionnalit\u00e9s qui vous donneront l'impression d'\u00eatre une influenceuse de mode<\/h2>\n<ul>\n<li>Un design d'inspiration vintage avec une touche de modernit\u00e9<\/li>\n<li>D\u00e9tails de broderie pour une touche d'originalit\u00e9 suppl\u00e9mentaire<\/li>\n<li>Coupe surdimensionn\u00e9e pour un maximum de confort et de style (jusqu'\u00e0 5XL !)<\/li>\n<li>Denim parfaitement d\u00e9lav\u00e9 pour un look v\u00e9cu et us\u00e9 par l'amour.<\/li>\n<li>Sans manches, parfait pour une superposition ou un port en solo<\/li>\n<li>Approuv\u00e9 par la rue pour des vibrations de fille cool ultimes<\/li>\n<\/ul>\n<h2>Les caract\u00e9ristiques qui distinguent notre gilet<\/h2>\n<ul>\n<li>Mati\u00e8re : \u226570%, &lt;80% denim pour la durabilit\u00e9 et le confort<\/li>\n<li>Style : Gilet sans manches avec d\u00e9tails brod\u00e9s<\/li>\n<li>Coupe : Oversized pour un look cool sans effort<\/li>\n<li>Gamme de tailles : Jusqu'\u00e0 5XL car le style n'a pas de limite de taille<\/li>\n<li>Saison : Parfait pour le printemps\/\u00e9t\u00e9<\/li>\n<li>Tranche d'\u00e2ge : Con\u00e7u pour les 25-34 ans, mais fabuleux pour tout le monde !<\/li>\n<\/ul>\n<p>Pour un look classique, vous pourriez aussi aimer notre\u00a0<a href=\"https:\/\/www.denim-vest.com\/fr\/vintage-denim-vest-womens\/\" target=\"_blank\" rel=\"noopener noreferrer\">Gilet en denim vintage pour femmes<\/a>.<\/p>\n<p>Tr\u00e8s bien, chers amis de la mode, voici le scoop : notre <strong>gilet en jean bleu pour femmes<\/strong> s'envole des rayons plus vite que les chaussures de cr\u00e9ateurs en solde. Que vous soyez une beaut\u00e9 boh\u00e8me, une star du street style ou simplement une fille qui sait reconna\u00eetre la mode quand elle la voit, ce gilet est votre billet express pour Compliment City. Ne soyez pas la derni\u00e8re \u00e0 monter dans le train de la tendance. Achetez le v\u00f4tre d\u00e8s maintenant et vous verrez votre cr\u00e9dibilit\u00e9 en mati\u00e8re de style grimper en fl\u00e8che. N'oubliez pas que dans le monde de la mode f\u00e9minine, il ne s'agit pas seulement de porter des v\u00eatements, mais aussi d'afficher sa confiance en soi. Et avec ce gilet, vous n'\u00eates pas seulement habill\u00e9e - vous \u00eates arm\u00e9e d'un superpouvoir stylistique pr\u00eat \u00e0 conqu\u00e9rir le monde, un pas de mode \u00e0 la fois !<\/p>","protected":false},"excerpt":{"rendered":"<p>\u00c9levez votre style avec notre gilet en denim bleu pour femmes \u2728. Polyvalent, chic et parfait pour n'importe quelle tenue. Livraison gratuite - achetez maintenant et soyez la plus belle !<\/p>","protected":false},"featured_media":117,"template":"","meta":[],"product_brand":[],"product_cat":[78],"product_tag":[],"class_list":{"0":"post-108","1":"product","2":"type-product","3":"status-publish","4":"has-post-thumbnail","6":"product_cat-denim-vest-women","8":"first","9":"instock","10":"shipping-taxable","11":"purchasable","12":"product-type-variable"},"_links":{"self":[{"href":"https:\/\/www.denim-vest.com\/fr\/wp-json\/wp\/v2\/product\/108","targetHints":{"allow":["GET"]}}],"collection":[{"href":"https:\/\/www.denim-vest.com\/fr\/wp-json\/wp\/v2\/product"}],"about":[{"href":"https:\/\/www.denim-vest.com\/fr\/wp-json\/wp\/v2\/types\/product"}],"wp:featuredmedia":[{"embeddable":true,"href":"https:\/\/www.denim-vest.com\/fr\/wp-json\/wp\/v2\/media\/117"}],"wp:attachment":[{"href":"https:\/\/www.denim-vest.com\/fr\/wp-json\/wp\/v2\/media?parent=108"}],"wp:term":[{"taxonomy":"product_brand","embeddable":true,"href":"https:\/\/www.denim-vest.com\/fr\/wp-json\/wp\/v2\/product_brand?post=108"},{"taxonomy":"product_cat","embeddable":true,"href":"https:\/\/www.denim-vest.com\/fr\/wp-json\/wp\/v2\/product_cat?post=108"},{"taxonomy":"product_tag","embeddable":true,"href":"https:\/\/www.denim-vest.com\/fr\/wp-json\/wp\/v2\/product_tag?post=108"}],"curies":[{"name":"wp","href":"https:\/\/api.w.org\/{rel}","templated":true}]}}

<h2>Rehaussez votre style avec notre gilet en denim bleu chic pour femmes</h2>
<p>Mesdames, préparez-vous à tomber raides dingues ! Nous venons de dévoiler notre dernier bijou de mode - un <strong>gilet en jean bleu pour femmes</strong> qui est sur le point de devenir votre nouvelle obsession. C'est comme si nous avions mis en bouteille l'essence de la liberté estivale et l'avions cousue dans un gilet. Croyez-moi, il ne s'agit pas seulement d'un vêtement, mais d'une ambiance, d'une vibration, d'une pièce de déclaration qui crie "J'ai du style pour des jours".</p>
<h2>Du style décontracté à la reine du style de la rue : votre héroïne de la garde-robe polyvalente</h2>
<p>Imaginez ceci : vous vous promenez dans la rue et vous faites tourner les têtes plus vite qu'une célébrité. C'est le pouvoir de notre <strong>gilet en jean bleu pour femmes</strong>. Nous avons pris la veste en jean classique, lui avons donné une tournure moderne et lui avons insufflé une touche de charme vintage qui vous donnera l'impression d'être une icône de la mode, que ce soit lors d'un brunch entre filles ou d'un festival d'été.</p>
<h2>Est-ce la pièce la plus polyvalente de votre garde-robe ?</h2>
<p>Vous pouvez parier que c'est votre paire de lunettes de soleil préférée ! Ce n'est pas seulement un gilet - c'est un caméléon de style. Superposez-le à une robe fluide pour un look boho-chic parfait, ou associez-le à un tee-shirt blanc et à un jean pour un style classique américain. Nous avons même vu des fashionistas le porter sur un col roulé pour une touche de fraîcheur qui sort de l'ordinaire. Il est adaptable, il est élégant et il est prêt à devenir votre pièce de choix pour toutes les occasions.</p>
<h2>Des fonctionnalités qui vous donneront l'impression d'être une influenceuse de mode</h2>
<ul>
<li>Un design d'inspiration vintage avec une touche de modernité</li>
<li>Détails de broderie pour une touche d'originalité supplémentaire</li>
<li>Coupe surdimensionnée pour un maximum de confort et de style (jusqu'à 5XL !)</li>
<li>Denim parfaitement délavé pour un look vécu et usé par l'amour.</li>
<li>Sans manches, parfait pour une superposition ou un port en solo</li>
<li>Approuvé par la rue pour des vibrations de fille cool ultimes</li>
</ul>
<h2>Les caractéristiques qui distinguent notre gilet</h2>
<ul>
<li>Matière : ≥70%, &lt;80% denim pour la durabilité et le confort</li>
<li>Style : Gilet sans manches avec détails brodés</li>
<li>Coupe : Oversized pour un look cool sans effort</li>
<li>Gamme de tailles : Jusqu'à 5XL car le style n'a pas de limite de taille</li>
<li>Saison : Parfait pour le printemps/été</li>
<li>Tranche d'âge : Conçu pour les 25-34 ans, mais fabuleux pour tout le monde !</li>
</ul>
<p>Pour un look classique, vous pourriez aussi aimer notre <a href="https://www.denim-vest.com/fr/vintage-denim-vest-womens/" target="_blank" rel="noopener noreferrer">Gilet en denim vintage pour femmes</a>.</p>
<p>Très bien, chers amis de la mode, voici le scoop : notre <strong>gilet en jean bleu pour femmes</strong> s'envole des rayons plus vite que les chaussures de créateurs en solde. Que vous soyez une beauté bohème, une star du street style ou simplement une fille qui sait reconnaître la mode quand elle la voit, ce gilet est votre billet express pour Compliment City. Ne soyez pas la dernière à monter dans le train de la tendance. Achetez le vôtre dès maintenant et vous verrez votre crédibilité en matière de style grimper en flèche. N'oubliez pas que dans le monde de la mode féminine, il ne s'agit pas seulement de porter des vêtements, mais aussi d'afficher sa confiance en soi. Et avec ce gilet, vous n'êtes pas seulement habillée - vous êtes armée d'un superpouvoir stylistique prêt à conquérir le monde, un pas de mode à la fois !</p>

<p>Élevez votre style avec notre gilet en denim bleu pour femmes ✨. Polyvalent, chic et parfait pour n'importe quelle tenue. Livraison gratuite - achetez maintenant et soyez la plus belle !</p>
